1) is divided by c?
9
Suppose 4*i = -23 + 63. What is the remainder when 1059/27 - (-4)/(-18) is divided by i?
9
Let k = 5 + 19. What is the remainder when (-1)/2 + (-42)/(-4) is divided by (k/(-16))/((-3)/8)?
2
Let r(g) = g**3 - 8*g**2 + 9*g - 5. Let d(w) = -19*w - 2. What is the remainder when r(8) is divided by d(-1)?
16
Suppose 2*y - 12 = -2*y. Let k = 0 + 0. Suppose k*s - 3*s = -y. What is the remainder when 2 is divided by s?
0
Suppose 2*i - 4*i = -10. Let o = -7 + i. Calculate the remainder when 14 is divided by (1 + o - -12) + -3.
6
Let i = 25 + 93. Suppose -4*a = -6*a - i. Let k = a - -127. Calculate the remainder when k is divided by 23.
22
What is the remainder when -1 + 2/6 - (-573)/9 is divided by 16?
15
Suppose 4*z = 43 + 9. Let o = z + 0. What is the remainder when 49 is divided by o?
10
Suppose 4*m + 2*n = -52, -2*n = -m + 3*m + 26. Let o = m - -18. Suppose -o*f = 4*a - 101, 2*f - 6 = 4. Calculate the remainder when a is divided by 7.
5
Let m(r) = -r**3 + 6*r**2 - 2*r + 3. What is the remainder when 87 is divided by m(2)?
12
Let n(t) = 30*t - 1. Calculate the remainder when n(6) is divided by 46.
41
Let x(k) = -14*k**3 + k. Suppose 0*c = -c - 1. What is the remainder when c/6 - 446/(-12) is divided by x(-1)?
11
Let u be 2/((-5)/(-3) - 1). Let o(h) = 6*h. Let c(t) = 1. Let s(x) = -4*c(x) + o(x). Calculate the remainder when s(u) is divided by 4.
2
Let u = -116 + 155. Calculate the remainder when u is divided by 12.
3
Let a(d) = d**3 + 3*d**2 - 3*d - 2. Suppose 0 = -5*o + 4*i + 7 - 143, 2*o - 2*i + 56 = 0. Let t = 43 + o. What is the remainder when t is divided by a(-3)?
5
Suppose 9*f - 3*o = 4*f + 77, 2*f = -2*o + 18. Let b be 520/7 + 6/(-21). Suppose -b = x - 3*x. Calculate the remainder when x is divided by f.
11
Let g(a) = -76*a + 1. What is the remainder when g(-1) is divided by 26?
25
What is the remainder when 19 is divided by 12*4*3/18?
3
Let a = 28 - 1. Let n(l) = -l**2 - 2*l + 1. Let v be n(1). Let z = 17 + v. Calculate the remainder when a is divided by z.
12
What is the remainder when 33 is divided by (13 + -1)*(-2)/(-2)?
9
Suppose -4 = -4*v - 3*l + 52, 2*v = -3*l + 28. Suppose 0*q = q - 40. What is the remainder when q is divided by v?
12
Let p(c) be the third derivative of -c**4/24 + 19*c**3/3 + 2*c**2. Let b be p(0). Suppose -u = -2*u + b. Calculate the remainder when u is divided by 13.
12
Suppose 4*r + 8 = 0, -2*d - 3*r - 4 = 6. Let u = 37 - 30. What is the remainder when u is divided by d/(-4)*2*3?
1
Let y(j) = -2*j - 2. Let u = -46 + 25. Let b = u + 14. What is the remainder when 23 is divided by y(b)?
11
Suppose -6*q = -4*q - 40. What is the remainder when (-346)/(-6) - (-2)/6 is divided by q?
18
Let d(u) = -87 + 10*u + 82 - u**2 - u. Calculate the remainder when d(6) is divided by 4.
1
Let a = -5 - -2. Let f(r) = r**3 + 4*r**2 + r + 3. What is the remainder when f(a) is divided by 5?
4
Suppose x = 1 + 3. Suppose -144 = -4*p - 4*d, -p + 41 = -0*p - x*d. What is the remainder when p is divided by 13?
11
What is the remainder when 52 is divided by 21 + (-2 - 0/3)?
14
Let h(q) = -14*q - 5. Let j(y) = 13*y + 4. Let a(n) = -5*h(n) - 6*j(n). Let d(v) = v**3 - 6*v**2 + 2*v - 3. What is the remainder when a(-3) is divided by d(6)?
7
Suppose 0 = -2*u + 4*n + 22, 5*n = 13*u - 15*u + 31. Suppose 2*k - 32 = -2*k. Suppose 0*v = -v + k. Calculate the remainder when u is divided by v.
5
Suppose 0*y + 16 = y. Let o = 27 - y. What is the remainder when 20 is divided by o?
9
Let t(s) = 5*s**3 + 4*s**2 + 5*s - 17. Let o(r) = r**3 + r**2 + r - 4. Let f(m) = -9*o(m) + 2*t(m). Calculate the remainder when 14 is divided by f(2).
6
Suppose 3*n = -5*c + 75, -5*c + 0 = -15. Calculate the remainder when n is divided by 12.
8
Suppose -3*d + 108 = d. Calculate the remainder when d is divided by 16.
11
Let h be 670/5 - (1 - 2). Suppose -4*a - 3*j + 182 = 0, 0*j - 3*j = 3*a - h. What is the remainder when a is divided by (-5)/(-5) - (-15 - 0)?
15
Let d(i) = 1 + 0 - 2 - i. Let x(s) = s**3 - 9*s**2 + 14*s - 4. Let a be x(7). Calculate the remainder when 3 is divided by d(a).
0
What is the remainder when 16 is divided by 9/6*6 - 4?
1
Let j = -3 - -6. Let d = -7 - -11. What is the remainder when j is divided by (-3 + d)/(-1)*-1?
0
Suppose -4*y + 18 = -7*y. Let u = y + 8. Suppose -u*t + 14 = -16. Calculate the remainder when 28 is divided by t.
13
Suppose -12*m = -51 - 69. What is the remainder when m is divided by 8?
2
Calculate the remainder when 56 is divided by (-31)/(-2) - ((-22)/4)/(-11).
11
Let q = -3 - -5. What is the remainder when 2 is divided by q?
0
Suppose 0 = t - 5*n - 23, 0*t - 1 = t + n. Suppose t*v = 6*v + 153. Calculate the remainder when (3 - v) + (-2)/1 is divided by 27.
25
Let f(x) be the first derivative of -x**4/4 + 5*x**3/3 + x**2/2 + 3*x + 4. What is the remainder when f(4) is divided by 8?
7
Suppose 5*b + 5*m = 0, b - m - m = 6. Calculate the remainder when 42 is divided by 62/4 - 1/b.
12
Let v(f) = -2*f - 10. Let a be v(-7). Suppose 27 = 2*l - 3*l - a*h, 108 = -4*l - 5*h. Let m = 38 + l. Calculate the remainder when m is divided by 6.
5
Let i = -16 - -23. Suppose 0 = 5*d - 3*v + 30, -3*d - 2*d - 30 = 5*v. Let b = 9 + d. Calculate the remainder when i is divided by b.
1
Let v(f) = -f**3 - 4*f**2 - 4*f. Let r be (-8)/(-4) + (-1 - 4). Calculate the remainder when ((-1)/(-2))/(3/42) is divided by v(r).
1
Suppose -2*b + b - 5*x = -5, 3*b - x = 15. What is the remainder when 13 is divided by b?
3
Let b(p) = -p**3 - p**2 + 5*p + 18. What is the remainder when b(-4) is divided by 8?
6
Suppose 4*v = 140 + 68. Suppose y + v = 5*y. Calculate the remainder when 36 is divided by y.
10
Suppose -20 = -l + 31. Calculate the remainder when l is divided by 9.
6
Suppose 0 = 2*w - 4*c - 36, -113 + 17 = -5*w + 4*c. Suppose -2*k + w = 2*k. What is the remainder when 19 is divided by k?
4
Let a(y) = 7 + 16*y**3 - 15*y**3 - 2*y + y**2 + 3*y. What is the remainder when 13 is divided by a(0)?
6
Suppose 0*o + m = -2*o + 106, 0 = 4*m. What is the remainder when o is divided by 14?
11
Suppose 2*j - 5*j - 234 = 0. What is the remainder when (j/9)/((-1)/3) is divided by 13 - (0/(-2) - 1)?
12
Suppose -4*z - 5*s = 279, -5*z + 4*s - 38 - 280 = 0. Let k = z + 119. Calculate the remainder when k is divided by 18.
17
Suppose -2*o + 19 = 5*k, 4*k = 3*o - 4*o + 14. Let z(q) = -1. Let t(n) = 3*n - 2. Let a(b) = t(b) - 4*z(b). Calculate the remainder when 20 is divided by a(k).
9
Suppose z + 3 = -b, -5*b = -b. Let h(n) = 4*n - 6. What is the remainder when 2/z + (-258)/(-9) is divided by h(4)?
8
Suppose -3*y + 35 + 22 = 0. Let v = 0 - 3. What is the remainder when (-3)/(v/(-2)) + 39 is divided by y?
18
Let x(k) = -5*k - 24. What is the remainder when x(-6) is divided by 2?
0
Suppose -2*p + 42 = -2. Suppose -3*c - c + p = 5*q, -4*c + 16 = 2*q. Calculate the remainder when 7 is divided by c.
1
Calculate the remainder when 39 + -3 + (-1 - (-3 + 4)) is divided by 18.
16
Suppose -8*l + 32 = -32. Calculate the remainder when 36 is divided by l.
4
Let x = 13 + -21. Let j = x - -26. Calculate the remainder when 33 is divided by j.
15
Suppose 5*g - 9 - 36 = 0. What is the remainder when g is divided by -32 + 36 + (-2)/(-4)*0?
1
Suppose 1 = d + 4*x, 5*x - 8 = -2*d + 6. Let c = -76 - -109. What is the remainder when c is divided by d?
16
Suppose 0 = -0*o + 5*o - 25. Suppose 0 = 4*i - 4*a - 9 - 19, -4*i + o*a = -23. What is the remainder when i is divided by 7?
5
Let s(n) = -3*n - 8. Calculate the remainder when s(-6) is divided by 6.
4
Suppose -2*j - 5 = -17. Calculate the remainder when 29 + j + 0 + -3 is divided by 11.
10
Let z = -169 + 244. Calculate the remainder when z is divided by 39.
36
Let p = 92 + -15. What is the remainder when p is divided by 20?
17
Calculate the remainder when 1640/28 + (-8)/14 is divided by 16.
10
Let d(b) = 7*b**3 + 13*b**2 - 3*b + 5. Let w(f) = -11*f**3 - 20*f**2 + 4*f - 8. Let l(j) = -8*d(j) - 5*w(j). Calculate the remainder when l(-5) is divided by 4.
1
Let s(j) = -j**2 + 14*j - 16. Let q be s(12). Suppose b - 3 = -3*h, q*b - 15 = 3*b - 5*h. Calculate the remainder when 5 is divided by b.
2
Calculate the remainder when (-6)/((-2)/(-5)*-1) is divided by 4.
3
Suppose 8 = 5*g - d - 3*d, g + 4*d = -8. Let u = -3 + g. Let n = u - -4. C